{"id":67,"date":"2020-08-21T11:42:10","date_gmt":"2020-08-21T11:42:10","guid":{"rendered":"https:\/\/www.farmaciasanisidro.es\/farmacia\/?page_id=67"},"modified":"2024-02-08T14:50:48","modified_gmt":"2024-02-08T13:50:48","slug":"condiciones","status":"publish","type":"page","link":"https:\/\/www.farmaciasanisidro.es\/farmacia\/condiciones\/","title":{"rendered":"T\u00e9rminos &#8211; Farmacia Spain 24\/7"},"content":{"rendered":"<h2>General<\/h2>\n<p>Por favor, lea y revise los siguientes t\u00e9rminos y condiciones cuidadosamente antes de usar este sitio web. Al usar este sitio web, usted acepta estos t\u00e9rminos. Si no est\u00e1 de acuerdo con esto, por favor salga e ignore la informaci\u00f3n aqu\u00ed.<br \/>\nNos reservamos el derecho de cambiar estos t\u00e9rminos y condiciones, en su totalidad o en parte, en cualquier momento sin previo aviso. Por consiguiente, siempre debe revisar esta p\u00e1gina antes de utilizar este sitio web y\/o servicios para asegurarse de que entiende los t\u00e9rminos y condiciones bajo los cuales accede a \u00e9l.<\/p>\n<h2>Uso de nuestro sitio web<\/h2>\n<p>Cuando utilice este sitio web, no podr\u00e1 modificar, distribuir, transmitir, reproducir, publicar, licenciar, transferir o vender ninguna informaci\u00f3n, productos o servicios obtenidos o mostrados en este sitio web. Sin embargo, puede ver, descargar o imprimir copias impresas de cualquier material contenido en este sitio para su uso personal y no comercial, siempre que no modifique el contenido o elimine cualquier derecho de autor, marca comercial u otro aviso. Cualquier otro uso de la informaci\u00f3n de este sitio web est\u00e1 prohibido sin nuestro consentimiento expreso por escrito.<\/p>\n<h2>Uso de la informaci\u00f3n<\/h2>\n<p>La informaci\u00f3n de este sitio no est\u00e1 destinada a ser utilizada para diagnosticar ninguna condici\u00f3n m\u00e9dica o enfermedad. Siempre consulte directamente a su m\u00e9dico sobre cualquier problema de salud, condici\u00f3n m\u00e9dica o enfermedad y antes de tomar cualquier nuevo medicamento o cambiar la dosis de la medicina que est\u00e1 tomando actualmente. Lea siempre con atenci\u00f3n la informaci\u00f3n que viene con su medicamento.<br \/>\nNos reservamos el derecho de corregir las inexactitudes o errores tipogr\u00e1ficos en la informaci\u00f3n publicada en este sitio web y no nos hacemos responsables de dichos errores. La informaci\u00f3n est\u00e1 sujeta a cambios o actualizaciones sin previo aviso y los precios y la disponibilidad de los bienes y servicios est\u00e1n sujetos a cambios sin previo aviso.<\/p>\n<h2>Derechos inmateriales<\/h2>\n<p>Somos due\u00f1os de los derechos de autor de todo el material que se muestra en el sitio web. Usted tiene el derecho de almacenar, descargar y utilizar el material en el sitio web para su propio uso personal y la investigaci\u00f3n. Usted se compromete a no volver a publicar, distribuir o poner a disposici\u00f3n de terceros este material o ponerlo a disposici\u00f3n en cualquier sitio web, servicio en l\u00ednea o su propio tabl\u00f3n de anuncios o cualquier otra parte o ponerlo a disposici\u00f3n en copia impresa o en otros medios de comunicaci\u00f3n sin nuestro consentimiento expreso previo por escrito.<\/p>\n<h2>Acceso a nuestro sitio web<\/h2>\n<p>El material de la p\u00e1gina web est\u00e1 destinado \u00fanicamente a las personas que pregunten sobre sus productos o servicios. Si no visita el sitio web para tales prop\u00f3sitos, no podr\u00e1 utilizarlo. Generalmente estamos disponibles para los usuarios 24 horas al d\u00eda, 7 d\u00edas a la semana, 365 d\u00edas al a\u00f1o.<\/p>\n","protected":false},"excerpt":{"rendered":"<p>General Por favor, lea y revise los siguientes t\u00e9rminos y condiciones cuidadosamente antes de usar este sitio web. Al usar este sitio web, usted acepta estos t\u00e9rminos. Si no est\u00e1 de acuerdo con esto, por favor salga e ignore la informaci\u00f3n aqu\u00ed. Nos reservamos el derecho de cambiar estos t\u00e9rminos y condiciones, en su totalidad &#8230; <a title=\"T\u00e9rminos &#8211; Farmacia Spain 24\/7\" class=\"read-more\" href=\"https:\/\/www.farmaciasanisidro.es\/farmacia\/condiciones\/\" aria-label=\"M\u00e1s en T\u00e9rminos &#8211; Farmacia Spain 24\/7\">Leer m\u00e1s<\/a><\/p>\n","protected":false},"author":1,"featured_media":0,"parent":0,"menu_order":0,"comment_status":"closed","ping_status":"closed","template":"","meta":{"footnotes":""},"_links":{"self":[{"href":"https:\/\/www.farmaciasanisidro.es\/farmacia\/wp-json\/wp\/v2\/pages\/67"}],"collection":[{"href":"https:\/\/www.farmaciasanisidro.es\/farmacia\/wp-json\/wp\/v2\/pages"}],"about":[{"href":"https:\/\/www.farmaciasanisidro.es\/farmacia\/wp-json\/wp\/v2\/types\/page"}],"author":[{"embeddable":true,"href":"https:\/\/www.farmaciasanisidro.es\/farmacia\/wp-json\/wp\/v2\/users\/1"}],"replies":[{"embeddable":true,"href":"https:\/\/www.farmaciasanisidro.es\/farmacia\/wp-json\/wp\/v2\/comments?post=67"}],"version-history":[{"count":10,"href":"https:\/\/www.farmaciasanisidro.es\/farmacia\/wp-json\/wp\/v2\/pages\/67\/revisions"}],"predecessor-version":[{"id":914,"href":"https:\/\/www.farmaciasanisidro.es\/farmacia\/wp-json\/wp\/v2\/pages\/67\/revisions\/914"}],"wp:attachment":[{"href":"https:\/\/www.farmaciasanisidro.es\/farmacia\/wp-json\/wp\/v2\/media?parent=67"}],"curies":[{"name":"wp","href":"https:\/\/api.w.org\/{rel}","templated":true}]}}