{"id":1192,"date":"2021-02-26T11:06:57","date_gmt":"2021-02-26T11:06:57","guid":{"rendered":"https:\/\/www.farmaciasanisidro.es\/farmacia\/?page_id=1192"},"modified":"2026-01-12T13:21:42","modified_gmt":"2026-01-12T12:21:42","slug":"soft-tabs-cialis-sin-receta-online","status":"publish","type":"page","link":"https:\/\/www.farmaciasanisidro.es\/farmacia\/soft-tabs-cialis-sin-receta-online\/","title":{"rendered":"Comprar Cialis Soft Tabs online para disfunci\u00f3n er\u00e9ctil con entrega r\u00e1pida"},"content":{"rendered":"\n<div class=\"wp-block-group is-layout-constrained wp-block-group-is-layout-constrained\"><div class=\"wp-block-group__inner-container\">\n<figure class=\"wp-block-table alignright\"><table><tbody><tr><td><strong>Disponibilidad:<\/strong><\/td><td>S\u00ed \u2713<\/td><\/tr><tr><td><strong>Pago:<\/strong><\/td><td><img decoding=\"async\" src=\"\/wp-content\/uploads\/visa.png\" alt=\"Visa\"><img decoding=\"async\" src=\"\/wp-content\/uploads\/mastercard.png\" alt=\"MasterCard\"><img decoding=\"async\" src=\"\/wp-content\/uploads\/bitcoin.png\" alt=\"Bitcoin\"><img decoding=\"async\" src=\"\/wp-content\/uploads\/usdt.png\" alt=\"USDT\"><img decoding=\"async\" src=\"https:\/\/www.farmaciasanisidro.es\/farmacia\/wp-content\/uploads\/bitcoin.png\" alt=\"bitcoin\"><img decoding=\"async\" src=\"https:\/\/www.farmaciasanisidro.es\/farmacia\/wp-content\/uploads\/usdt.png\" alt=\"usdt\"><\/td><\/tr><\/tbody><\/table><\/figure>\n\n\n\n<div class=\"wp-block-columns is-layout-flex wp-container-2 wp-block-columns-is-layout-flex\">\n<div class=\"wp-block-column is-layout-flow wp-block-column-is-layout-flow\" style=\"flex-basis:100%\">\n<figure class=\"wp-block-image size-full is-resized\"><img decoding=\"async\" loading=\"lazy\" width=\"526\" height=\"390\" src=\"https:\/\/www.farmaciasanisidro.es\/farmacia\/wp-content\/uploads\/cialis-soft-tabs-1.png\" alt=\"Cialis Soft Tabs\" class=\"wp-image-2595\" style=\"aspect-ratio:1.3487179487179488;width:419px;height:auto\" srcset=\"https:\/\/www.farmaciasanisidro.es\/farmacia\/wp-content\/uploads\/cialis-soft-tabs-1.png 526w, https:\/\/www.farmaciasanisidro.es\/farmacia\/wp-content\/uploads\/cialis-soft-tabs-1-300x222.png 300w, https:\/\/www.farmaciasanisidro.es\/farmacia\/wp-content\/uploads\/cialis-soft-tabs-1-200x148.png 200w\" sizes=\"(max-width: 526px) 100vw, 526px\" \/><\/figure>\n<\/div>\n<\/div>\n<\/div><\/div>\n\n\n\n<p><strong>Cialis Soft Tabs es un <\/strong>medicamento \u00fanico que se utiliza para tratar la impotencia masculina. La disfunci\u00f3n er\u00e9ctil es una de las enfermedades m\u00e1s comunes en el mundo. El medicamento contiene <strong>Tadalafil<\/strong>. Es un potente inhibidor de la PDE5, una enzima que interfiere en el mantenimiento de la erecci\u00f3n. En el cat\u00e1logo de la farmacia en l\u00ednea se puede comprar en l\u00ednea sin receta la medicina necesaria a un precio asequible. El surtido incluye productos originales de fabricantes probados. Para mayor tranquilidad al <a href=\"https:\/\/www.farmaciasanisidro.es\/farmacia\/generico-cialis-comprar\/\" data-type=\"link\" data-id=\"https:\/\/www.farmaciasanisidro.es\/farmacia\/generico-cialis-comprar\/\">comprar Cialis sin receta medica<\/a>, comprueba que la farmacia ofrezca seguimiento del env\u00edo y un canal de soporte para incidencias del pedido.<\/p>\n\n\n\n<div class=\"tab\" data-sort = \"asc\"><button class=\"tablinks tablinks_default active\" data-target = \"tab-20\">20mg<\/button><\/div><div id =\"tab-20\" class = \"tabcontent active\" >\n            <div class=\"table-container\">\n                <div id=\"shop-prod-table\">\n                <table class=\"table\">\n                <caption><h2> Cialis Soft Tabs  20mg<\/h2><\/caption>\n                <thead>\n                       <tr class=\"table-header_default\">\n                                <th scope =\"col\">Paquete<\/th>\n                                <th scope =\"col\"> Precio<\/th>\n                                <th scope =\"col\">Por Pastilla<\/th>\n                                <th scope =\"col\">Ahorros<\/th>\n                                <th scope =\"col\">Bonificaci\u00f3n<\/th>\n                                <th scope =\"col\"><\/th>\n                        <\/tr>\n                <\/thead><tbody><tr>\n             <td data-title=\"Paquete\">20mg x 10 pastillas<\/td>\n             <td data-title=\"Precio\"> <div itemprop=\"offers\" itemscope=\"itemscope\" itemtype=\"https:\/\/schema.org\/Offer\">\n            \n            <meta itemprop=\"url\" content =\"https:\/\/www.farmaciasanisidro.es\/farmacia\/soft-tabs-cialis-sin-receta-online\/\">\n            <link itemprop =\"availability\" href=\"https:\/\/schema.org\/InStock\">\n            <span itemprop=\"priceCurrency\" content=\"EUR\">\u20ac<\/span> <span itemprop=\"price\" content=\"37.17\">37.17<\/span><\/div><\/td>\n             <td data-title=\"Por Pastilla\">\u20ac 3.72<\/td>\n             <td class=\"field-economy_default\" data-title=\"Ahorros\">\u20ac 0<\/td>\n             <td data-title=\"Bonificaci\u00f3n\">-<\/td>\n             <td data-title=\"\">\n                <a href=\"?add-to-cart=2690\" class =\"buy-btn_default buy-btn ajax_add_to_cart add_to_cart_button\" rel=\"nofollow\" data-product_id = \"2690\">Comprar<\/a>\n             <\/td>\n            <\/tr><tr>\n             <td data-title=\"Paquete\">20mg x 20 pastillas<\/td>\n             <td data-title=\"Precio\"> <div itemprop=\"offers\" itemscope=\"itemscope\" itemtype=\"https:\/\/schema.org\/Offer\">\n            <span class=\"crossed_out_price\">\u20ac 74.39 \/<\/span>\n            <meta itemprop=\"url\" content =\"https:\/\/www.farmaciasanisidro.es\/farmacia\/soft-tabs-cialis-sin-receta-online\/\">\n            <link itemprop =\"availability\" href=\"https:\/\/schema.org\/InStock\">\n            <span itemprop=\"priceCurrency\" content=\"EUR\">\u20ac<\/span> <span itemprop=\"price\" content=\"63.79\">63.79<\/span><\/div><\/td>\n             <td data-title=\"Por Pastilla\">\u20ac 3.19<\/td>\n             <td class=\"field-economy_default\" data-title=\"Ahorros\">\u20ac 10.6<\/td>\n             <td data-title=\"Bonificaci\u00f3n\">+ 2 pastillas<\/td>\n             <td data-title=\"\">\n                <a href=\"?add-to-cart=2693\" class =\"buy-btn_default buy-btn ajax_add_to_cart add_to_cart_button\" rel=\"nofollow\" data-product_id = \"2693\">Comprar<\/a>\n             <\/td>\n            <\/tr><tr>\n             <td data-title=\"Paquete\">20mg x 30 pastillas<\/td>\n             <td data-title=\"Precio\"> <div itemprop=\"offers\" itemscope=\"itemscope\" itemtype=\"https:\/\/schema.org\/Offer\">\n            <span class=\"crossed_out_price\">\u20ac 111.47 \/<\/span>\n            <meta itemprop=\"url\" content =\"https:\/\/www.farmaciasanisidro.es\/farmacia\/soft-tabs-cialis-sin-receta-online\/\">\n            <link itemprop =\"availability\" href=\"https:\/\/schema.org\/InStock\">\n            <span itemprop=\"priceCurrency\" content=\"EUR\">\u20ac<\/span> <span itemprop=\"price\" content=\"83.27\">83.27<\/span><\/div><\/td>\n             <td data-title=\"Por Pastilla\">\u20ac 2.78<\/td>\n             <td class=\"field-economy_default\" data-title=\"Ahorros\">\u20ac 28.2<\/td>\n             <td data-title=\"Bonificaci\u00f3n\">+ 4 pastillas<\/td>\n             <td data-title=\"\">\n                <a href=\"?add-to-cart=2695\" class =\"buy-btn_default buy-btn ajax_add_to_cart add_to_cart_button\" rel=\"nofollow\" data-product_id = \"2695\">Comprar<\/a>\n             <\/td>\n            <\/tr><tr>\n             <td data-title=\"Paquete\">20mg x 60 pastillas<\/td>\n             <td data-title=\"Precio\"> <div itemprop=\"offers\" itemscope=\"itemscope\" itemtype=\"https:\/\/schema.org\/Offer\">\n            <span class=\"crossed_out_price\">\u20ac 223.18 \/<\/span>\n            <meta itemprop=\"url\" content =\"https:\/\/www.farmaciasanisidro.es\/farmacia\/soft-tabs-cialis-sin-receta-online\/\">\n            <link itemprop =\"availability\" href=\"https:\/\/schema.org\/InStock\">\n            <span itemprop=\"priceCurrency\" content=\"EUR\">\u20ac<\/span> <span itemprop=\"price\" content=\"151.78\">151.78<\/span><\/div><\/td>\n             <td data-title=\"Por Pastilla\">\u20ac 2.53<\/td>\n             <td class=\"field-economy_default\" data-title=\"Ahorros\">\u20ac 71.4<\/td>\n             <td data-title=\"Bonificaci\u00f3n\">+ 4 pastillas<\/td>\n             <td data-title=\"\">\n                <a href=\"?add-to-cart=2696\" class =\"buy-btn_default buy-btn ajax_add_to_cart add_to_cart_button\" rel=\"nofollow\" data-product_id = \"2696\">Comprar<\/a>\n             <\/td>\n            <\/tr><tr>\n             <td data-title=\"Paquete\">20mg x 90 pastillas<\/td>\n             <td data-title=\"Precio\"> <div itemprop=\"offers\" itemscope=\"itemscope\" itemtype=\"https:\/\/schema.org\/Offer\">\n            <span class=\"crossed_out_price\">\u20ac 335.09 \/<\/span>\n            <meta itemprop=\"url\" content =\"https:\/\/www.farmaciasanisidro.es\/farmacia\/soft-tabs-cialis-sin-receta-online\/\">\n            <link itemprop =\"availability\" href=\"https:\/\/schema.org\/InStock\">\n            <span itemprop=\"priceCurrency\" content=\"EUR\">\u20ac<\/span> <span itemprop=\"price\" content=\"206.39\">206.39<\/span><\/div><\/td>\n             <td data-title=\"Por Pastilla\">\u20ac 2.29<\/td>\n             <td class=\"field-economy_default\" data-title=\"Ahorros\">\u20ac 128.7<\/td>\n             <td data-title=\"Bonificaci\u00f3n\">+ 6 pastillas<\/td>\n             <td data-title=\"\">\n                <a href=\"?add-to-cart=2697\" class =\"buy-btn_default buy-btn ajax_add_to_cart add_to_cart_button\" rel=\"nofollow\" data-product_id = \"2697\">Comprar<\/a>\n             <\/td>\n            <\/tr><tr>\n             <td data-title=\"Paquete\">20mg x 120 pastillas<\/td>\n             <td data-title=\"Precio\"> <div itemprop=\"offers\" itemscope=\"itemscope\" itemtype=\"https:\/\/schema.org\/Offer\">\n            <span class=\"crossed_out_price\">\u20ac 446.8 \/<\/span>\n            <meta itemprop=\"url\" content =\"https:\/\/www.farmaciasanisidro.es\/farmacia\/soft-tabs-cialis-sin-receta-online\/\">\n            <link itemprop =\"availability\" href=\"https:\/\/schema.org\/InStock\">\n            <span itemprop=\"priceCurrency\" content=\"EUR\">\u20ac<\/span> <span itemprop=\"price\" content=\"236.8\">236.8<\/span><\/div><\/td>\n             <td data-title=\"Por Pastilla\">\u20ac 1.97<\/td>\n             <td class=\"field-economy_default\" data-title=\"Ahorros\">\u20ac 210<\/td>\n             <td data-title=\"Bonificaci\u00f3n\">+ 6 pastillas<\/td>\n             <td data-title=\"\">\n                <a href=\"?add-to-cart=2691\" class =\"buy-btn_default buy-btn ajax_add_to_cart add_to_cart_button\" rel=\"nofollow\" data-product_id = \"2691\">Comprar<\/a>\n             <\/td>\n            <\/tr><tr>\n             <td data-title=\"Paquete\">20mg x 180 pastillas<\/td>\n             <td data-title=\"Precio\"> <div itemprop=\"offers\" itemscope=\"itemscope\" itemtype=\"https:\/\/schema.org\/Offer\">\n            <span class=\"crossed_out_price\">\u20ac 669.35 \/<\/span>\n            <meta itemprop=\"url\" content =\"https:\/\/www.farmaciasanisidro.es\/farmacia\/soft-tabs-cialis-sin-receta-online\/\">\n            <link itemprop =\"availability\" href=\"https:\/\/schema.org\/InStock\">\n            <span itemprop=\"priceCurrency\" content=\"EUR\">\u20ac<\/span> <span itemprop=\"price\" content=\"336.35\">336.35<\/span><\/div><\/td>\n             <td data-title=\"Por Pastilla\">\u20ac 1.87<\/td>\n             <td class=\"field-economy_default\" data-title=\"Ahorros\">\u20ac 333<\/td>\n             <td data-title=\"Bonificaci\u00f3n\">+ 8 pastillas<\/td>\n             <td data-title=\"\">\n                <a href=\"?add-to-cart=2692\" class =\"buy-btn_default buy-btn ajax_add_to_cart add_to_cart_button\" rel=\"nofollow\" data-product_id = \"2692\">Comprar<\/a>\n             <\/td>\n            <\/tr><tr>\n             <td data-title=\"Paquete\">20mg x 270 pastillas<\/td>\n             <td data-title=\"Precio\"> <div itemprop=\"offers\" itemscope=\"itemscope\" itemtype=\"https:\/\/schema.org\/Offer\">\n            <span class=\"crossed_out_price\">\u20ac 1005.15 \/<\/span>\n            <meta itemprop=\"url\" content =\"https:\/\/www.farmaciasanisidro.es\/farmacia\/soft-tabs-cialis-sin-receta-online\/\">\n            <link itemprop =\"availability\" href=\"https:\/\/schema.org\/InStock\">\n            <span itemprop=\"priceCurrency\" content=\"EUR\">\u20ac<\/span> <span itemprop=\"price\" content=\"448.95\">448.95<\/span><\/div><\/td>\n             <td data-title=\"Por Pastilla\">\u20ac 1.66<\/td>\n             <td class=\"field-economy_default\" data-title=\"Ahorros\">\u20ac 556.2<\/td>\n             <td data-title=\"Bonificaci\u00f3n\">+ 10 pastillas<\/td>\n             <td data-title=\"\">\n                <a href=\"?add-to-cart=2694\" class =\"buy-btn_default buy-btn ajax_add_to_cart add_to_cart_button\" rel=\"nofollow\" data-product_id = \"2694\">Comprar<\/a>\n             <\/td>\n            <\/tr><\/tbody> <\/table>\n            <\/div>\n        <\/div>\n    <\/div>\n\n\n<table>\n<tbody>\n<tr>\n<td>Se Utiliza Para:<\/td>\n<td>Mejorar El Poder<\/td>\n<\/tr>\n<tr>\n<td>Componente Activo:<\/td>\n<td>Sildenafil<\/td>\n<\/tr>\n<tr>\n<td>Dosis:<\/td>\n<td>20, 40 Mg<\/td>\n<\/tr>\n<tr>\n<td>Formulario De Producci\u00f3n:<\/td>\n<td>Tableta<\/td>\n<\/tr>\n<tr>\n<td>La Acci\u00f3n Ocurre:<\/td>\n<td>Dentro De 30-45 Minutos<\/td>\n<\/tr>\n<tr>\n<td>Efecto Dif\u00edcil:<\/td>\n<td>Hasta 8 Horas<\/td>\n<\/tr>\n<tr>\n<td>Venta De Cialis:<\/td>\n<td>Sin Receta<\/td>\n<\/tr>\n<\/tbody>\n<\/table>\n\n\n<div class=\"wp-block-media-text is-stacked-on-mobile\" style=\"grid-template-columns:15% auto\"><figure class=\"wp-block-media-text__media\"><img decoding=\"async\" loading=\"lazy\" width=\"640\" height=\"640\" src=\"https:\/\/www.farmaciasanisidro.es\/farmacia\/wp-content\/uploads\/farmaciasanisidro.es-autor-Carlos-Barros-Lima.webp\" alt=\"farmaciasanisidro.es autor Dr. Carlos Barros Lima\" class=\"wp-image-4433 size-full\" srcset=\"https:\/\/www.farmaciasanisidro.es\/farmacia\/wp-content\/uploads\/farmaciasanisidro.es-autor-Carlos-Barros-Lima.webp 640w, https:\/\/www.farmaciasanisidro.es\/farmacia\/wp-content\/uploads\/farmaciasanisidro.es-autor-Carlos-Barros-Lima-300x300.webp 300w, https:\/\/www.farmaciasanisidro.es\/farmacia\/wp-content\/uploads\/farmaciasanisidro.es-autor-Carlos-Barros-Lima-150x150.webp 150w, https:\/\/www.farmaciasanisidro.es\/farmacia\/wp-content\/uploads\/farmaciasanisidro.es-autor-Carlos-Barros-Lima-200x200.webp 200w, https:\/\/www.farmaciasanisidro.es\/farmacia\/wp-content\/uploads\/farmaciasanisidro.es-autor-Carlos-Barros-Lima-100x100.webp 100w\" sizes=\"(max-width: 640px) 100vw, 640px\" \/><\/figure><div class=\"wp-block-media-text__content\">\n<p><a href=\"https:\/\/www.farmaciasanisidro.es\/farmacia\/autor\/\" data-type=\"link\" data-id=\"https:\/\/www.farmaciasanisidro.es\/farmacia\/autor\/\" target=\"_blank\" rel=\"noreferrer noopener\">Carlos Barros Lima<\/a> vive en Memphis, Tennessee, EE. UU. Trabaja como ur\u00f3logo en el Centro de Urolog\u00eda del Sur, ubicado en los suburbios de Memphis C\u00f3rdoba.<\/p>\n<\/div><\/div>\n\n\n\n<div class=\"wp-block-rank-math-toc-block\" id=\"rank-math-toc\"><h2>Table of Contents<\/h2><nav><ul><li><a href=\"#objetivo-de-cialis-soft\">Para qu\u00e9 sirve Cialis Soft Tabs en la pr\u00e1ctica<\/a><\/li><li><a href=\"#como-tomar-cialis-soft\">C\u00f3mo tomar Cialis Soft Tabs online antes del encuentro<\/a><\/li><li><a href=\"#dosificacion-de-cialis-soft\">Dosis recomendada de Cialis Soft Tabs y ajustes habituales<\/a><\/li><\/ul><\/nav><\/div>\n\n\n\n<h2 class=\"wp-block-heading\" id=\"objetivo-de-cialis-soft\">Para qu\u00e9 sirve Cialis Soft Tabs en la pr\u00e1ctica<\/h2>\n\n\n\n<p>Las sustancias clasificadas como \u00abblandas\u00bb tienen una alta velocidad de penetraci\u00f3n en todos los sistemas del cuerpo por absorci\u00f3n en la sangre. El resultado se manifiesta muy r\u00e1pidamente.<\/p>\n\n\n\n<p>Este tipo de Cialis no difiere de otras variedades en sus caracter\u00edsticas. El producto se utiliza para el tratamiento:<\/p>\n\n\n\n<ul>\n<li>Disfunci\u00f3n er\u00e9ctil en hombres mayores y j\u00f3venes.<\/li>\n\n\n\n<li>Incapacidad de tener un orgasmo durante el coito.&nbsp;<\/li>\n<\/ul>\n\n\n\n<p>El medicamento se produce en forma de comprimidos. Esto le permite llevarla consigo en todo momento y utilizarla cuando la necesite.&nbsp;<\/p>\n\n\n\n<h3 class=\"wp-block-heading\" id=\"como-funciona-cialis-soft\">C\u00f3mo funciona Cialis Soft Tabs y cu\u00e1ndo se nota<\/h3>\n\n\n\n<p>Al igual que en la versi\u00f3n cl\u00e1sica, el componente principal del medicamento es el Tadalafil. Una vez en el cuerpo, mejora la circulaci\u00f3n sangu\u00ednea en los \u00f3rganos p\u00e9lvicos. La diferencia radica en la rapidez del resultado: el paciente siente la mejor\u00eda ya despu\u00e9s de 15-20 minutos de haberlo tomado.&nbsp;<\/p>\n\n\n\n<p>El paciente consigue una fuerte erecci\u00f3n, una mayor duraci\u00f3n de las relaciones sexuales y una reducci\u00f3n del tiempo de recuperaci\u00f3n entre coitos. El efecto leve prolongado le permite tomar un comprimido cada 48 horas.&nbsp;<\/p>\n\n\n\n<h3 class=\"wp-block-heading\" id=\"diferencias-entre-cialis-soft-y-viagra\">Cialis Soft Tabs frente a Viagra qu\u00e9 cambia de verdad<\/h3>\n\n\n\n<p>Entre los f\u00e1rmacos que estimulan la erecci\u00f3n se encuentra no s\u00f3lo Cialis, sino tambi\u00e9n Viagra. Se basa en el Sildenafil y le ayuda a obtener un resultado similar.&nbsp;<\/p>\n\n\n\n<p>La principal diferencia es la duraci\u00f3n del efecto en el organismo. El an\u00e1logo se elimina en 5-6 horas, y los m\u00e9dicos no recomiendan utilizar m\u00e1s de una dosis al d\u00eda.&nbsp;<\/p>\n\n\n\n<h2 class=\"wp-block-heading\" id=\"como-tomar-cialis-soft\">C\u00f3mo tomar Cialis Soft Tabs online antes del encuentro<\/h2>\n\n\n\n<p>Una ventaja innegable de Tadalafil es que la sustancia comienza a actuar muy r\u00e1pidamente. Basta con tomar el f\u00e1rmaco 15-20 minutos antes del coito para mejorar el flujo sangu\u00edneo al pene.&nbsp;<\/p>\n\n\n\n<p>La excitaci\u00f3n sexual se produce durante este periodo debido a la estimulaci\u00f3n est\u00e1ndar (tacto, pensamientos, olores y otras opciones de excitaci\u00f3n). El medicamento se toma por v\u00eda oral. El comprimido se coloca bajo la lengua y se chupa hasta que se disuelve completamente.&nbsp;<\/p>\n\n\n\n<p>El f\u00e1rmaco puede combinarse con todos los alimentos y bebidas alcoh\u00f3licas. Este hecho es una gran ventaja de Tadalafil, ya que su toma no afecta en absoluto a la calidad de la vida diaria.&nbsp;<\/p>\n\n\n\n<h3 class=\"wp-block-heading\" id=\"que-mas-hay-que-saber-antes-de-tomar-el-medicamento\">Antes de empezar con tabs de Cialis Soft Tabs qu\u00e9 conviene revisar<\/h3>\n\n\n\n<p>Cualquier medicamento, incluidos los de venta libre, debe tomarse bajo la supervisi\u00f3n de un m\u00e9dico. S\u00f3lo un especialista cualificado puede detectar la enfermedad en sus primeras fases y prescribir la terapia de tratamiento adecuada.&nbsp;<\/p>\n\n\n\n<p>Le pedimos que no se automedique. Elegir un estimulante sin contar con un profesional m\u00e9dico puede tener consecuencias irreversibles y graves problemas de salud.&nbsp;<\/p>\n\n\n\n<h2 class=\"wp-block-heading\" id=\"dosificacion-de-cialis-soft\">Dosis recomendada de Cialis Soft Tabs y ajustes habituales<\/h2>\n\n\n\n<p>Un comprimido de Cialis Soft contiene 20 mg de Tadalafil. Esta cantidad suele ser suficiente para obtener los resultados deseados. Algunos m\u00e9dicos recomiendan empezar con medio comprimido y luego aumentar la dosis.&nbsp;<\/p>\n\n\n\n<p>Hay casos en los que la cantidad est\u00e1ndar no es suficiente para una erecci\u00f3n completa. Suele afectar a personas con un metabolismo demasiado r\u00e1pido, as\u00ed como a hombres con un \u00edndice de masa corporal elevado.&nbsp;<\/p>\n\n\n\n<h3 class=\"wp-block-heading\" id=\"interaccion\">Interacciones frecuentes de Cialis Soft Tabs con f\u00e1rmacos y alcohol<\/h3>\n\n\n\n<p>Cialis puede combinarse con otros medicamentos si su m\u00e9dico lo permite. Suele combinarse bien con diversos medicamentos, excepto los que contienen nitratos.<\/p>\n\n\n\n<p>La mezcla de Tadalafil con alcohol no est\u00e1 cargada de reacciones adversas. Puede asistir a una fiesta con su mujer amada sin ning\u00fan riesgo, para poder disfrutar despu\u00e9s de todo el placer de las relaciones sexuales.&nbsp;<\/p>\n\n\n\n<h3 class=\"wp-block-heading\" id=\"contraindicaciones\">Cu\u00e1ndo evitar Soft Cialis por salud y seguridad<\/h3>\n\n\n\n<p>Algunas enfermedades est\u00e1n clasificadas como contraindicaciones para tomar el medicamento. Entre ellas se encuentran:<\/p>\n\n\n\n<ul>\n<li>intolerancia individual a los componentes (en tales casos, es mejor sustituir el medicamento por Levitra (Vardenafil) o Viagra);<\/li>\n\n\n\n<li>enfermedades cardiovasculares;<\/li>\n\n\n\n<li>problemas hep\u00e1ticos y renales;<\/li>\n\n\n\n<li>un reciente ataque al coraz\u00f3n o un derrame cerebral;<\/li>\n\n\n\n<li>priapism;<\/li>\n\n\n\n<li>deformidad cong\u00e9nita o adquirida del pene.&nbsp;<\/li>\n<\/ul>\n\n\n\n<p>Las personas mayores de 65 a\u00f1os deben tomar el medicamento con especial precauci\u00f3n. Los menores de 18 a\u00f1os y las mujeres no deben consumir el f\u00e1rmaco. Una caracter\u00edstica distintiva es que la droga no tiene ning\u00fan efecto sobre la conducci\u00f3n.&nbsp;<\/p>\n\n\n\n<h3 class=\"wp-block-heading\" id=\"efectos-secundarios\">Efectos posibles tras tabs Soft Cialis y se\u00f1ales de alerta<\/h3>\n\n\n\n<p>En raras ocasiones, pueden producirse efectos secundarios leves si se superan las dosis recomendadas. Los m\u00e1s comunes son dolor de cabeza, mareos, secreci\u00f3n nasal y malestar estomacal. Estos suelen desaparecer por s\u00ed solos o con una terapia basada en los s\u00edntomas.&nbsp;<\/p>\n\n\n\n<h3 class=\"wp-block-heading\" id=\"sobredosis\">Sobredosis<\/h3>\n\n\n\n<p>Tomar m\u00e1s de 20 mg de Tadalafil aumenta varias veces el riesgo de desarrollar efectos negativos. Las revisiones m\u00e9dicas oportunas no s\u00f3lo ayudar\u00e1n a encontrar el medicamento ideal, sino tambi\u00e9n a evitar las molestias durante el uso de la sustancia.&nbsp;<\/p>\n\n\n\n<h3 class=\"wp-block-heading\" id=\"almacenamiento\">C\u00f3mo conservar Cialis Soft Tabs para mantener eficacia<\/h3>\n\n\n\n<p>El envase original de Cialis Soft es ideal para su almacenamiento. Se recomienda poner el medicamento en un lugar fuera del alcance de los ni\u00f1os, donde la temperatura del aire no supere los 30\u00b0C.&nbsp;<\/p>\n\n\n\n<h3 class=\"wp-block-heading\" id=\"responsabilidad\">Responsabilidad&nbsp;<\/h3>\n\n\n\n<p>Muchas personas prefieren las farmacias especializadas en la venta de productos en l\u00ednea. La administraci\u00f3n del sitio no se responsabiliza de los resultados del uso de los medicamentos que se compran a nosotros.&nbsp;<\/p>\n\n\n\n<p>Garantizamos la seguridad del pago y la confidencialidad de cada cliente. Los detalles del pedido se especifican de forma individual.&nbsp;<\/p>\n","protected":false},"excerpt":{"rendered":"<p>Disponibilidad: S\u00ed \u2713 Pago: Cialis Soft Tabs es un medicamento \u00fanico que se utiliza para tratar la impotencia masculina. La disfunci\u00f3n er\u00e9ctil es una de las enfermedades m\u00e1s comunes en el mundo. El medicamento contiene Tadalafil. Es un potente inhibidor de la PDE5, una enzima que interfiere en el mantenimiento de la erecci\u00f3n. En el &#8230; <a title=\"Comprar Cialis Soft Tabs online para disfunci\u00f3n er\u00e9ctil con entrega r\u00e1pida\" class=\"read-more\" href=\"https:\/\/www.farmaciasanisidro.es\/farmacia\/soft-tabs-cialis-sin-receta-online\/\" aria-label=\"M\u00e1s en Comprar Cialis Soft Tabs online para disfunci\u00f3n er\u00e9ctil con entrega r\u00e1pida\">Leer m\u00e1s<\/a><\/p>\n","protected":false},"author":1,"featured_media":2595,"parent":0,"menu_order":0,"comment_status":"closed","ping_status":"closed","template":"","meta":{"footnotes":""},"_links":{"self":[{"href":"https:\/\/www.farmaciasanisidro.es\/farmacia\/wp-json\/wp\/v2\/pages\/1192"}],"collection":[{"href":"https:\/\/www.farmaciasanisidro.es\/farmacia\/wp-json\/wp\/v2\/pages"}],"about":[{"href":"https:\/\/www.farmaciasanisidro.es\/farmacia\/wp-json\/wp\/v2\/types\/page"}],"author":[{"embeddable":true,"href":"https:\/\/www.farmaciasanisidro.es\/farmacia\/wp-json\/wp\/v2\/users\/1"}],"replies":[{"embeddable":true,"href":"https:\/\/www.farmaciasanisidro.es\/farmacia\/wp-json\/wp\/v2\/comments?post=1192"}],"version-history":[{"count":9,"href":"https:\/\/www.farmaciasanisidro.es\/farmacia\/wp-json\/wp\/v2\/pages\/1192\/revisions"}],"predecessor-version":[{"id":4617,"href":"https:\/\/www.farmaciasanisidro.es\/farmacia\/wp-json\/wp\/v2\/pages\/1192\/revisions\/4617"}],"wp:featuredmedia":[{"embeddable":true,"href":"https:\/\/www.farmaciasanisidro.es\/farmacia\/wp-json\/wp\/v2\/media\/2595"}],"wp:attachment":[{"href":"https:\/\/www.farmaciasanisidro.es\/farmacia\/wp-json\/wp\/v2\/media?parent=1192"}],"curies":[{"name":"wp","href":"https:\/\/api.w.org\/{rel}","templated":true}]}}