{"id":1188,"date":"2021-02-26T11:03:40","date_gmt":"2021-02-26T11:03:40","guid":{"rendered":"https:\/\/www.farmaciasanisidro.es\/farmacia\/?page_id=1188"},"modified":"2026-01-12T12:48:00","modified_gmt":"2026-01-12T11:48:00","slug":"comprar-super-active-cialis","status":"publish","type":"page","link":"https:\/\/www.farmaciasanisidro.es\/farmacia\/comprar-super-active-cialis\/","title":{"rendered":"Comprar cialis super active 20 mg Sin Receta en Espa\u00f1a segura"},"content":{"rendered":"\n<div class=\"wp-block-group is-layout-constrained wp-block-group-is-layout-constrained\"><div class=\"wp-block-group__inner-container\">\n<figure class=\"wp-block-table alignright\"><table><tbody><tr><td><strong>Disponibilidad:<\/strong><\/td><td>S\u00ed \u2713<\/td><\/tr><tr><td><strong>Pago:<\/strong><\/td><td><img decoding=\"async\" src=\"\/wp-content\/uploads\/visa.png\" alt=\"Visa\"><img decoding=\"async\" src=\"\/wp-content\/uploads\/mastercard.png\" alt=\"MasterCard\"><img decoding=\"async\" src=\"\/wp-content\/uploads\/bitcoin.png\" alt=\"Bitcoin\"><img decoding=\"async\" src=\"\/wp-content\/uploads\/usdt.png\" alt=\"USDT\"><img decoding=\"async\" src=\"https:\/\/www.farmaciasanisidro.es\/farmacia\/wp-content\/uploads\/bitcoin.png\" alt=\"bitcoin\"><img decoding=\"async\" src=\"https:\/\/www.farmaciasanisidro.es\/farmacia\/wp-content\/uploads\/usdt.png\" alt=\"usdt\"><\/td><\/tr><\/tbody><\/table><\/figure>\n\n\n\n<div class=\"wp-block-columns is-layout-flex wp-container-2 wp-block-columns-is-layout-flex\">\n<div class=\"wp-block-column is-layout-flow wp-block-column-is-layout-flow\" style=\"flex-basis:100%\">\n<figure class=\"wp-block-image size-full is-resized\"><img decoding=\"async\" loading=\"lazy\" width=\"526\" height=\"390\" src=\"https:\/\/www.farmaciasanisidro.es\/farmacia\/wp-content\/uploads\/cialis-super-active-1.png\" alt=\"Cialis Super Active\" class=\"wp-image-2596\" style=\"aspect-ratio:1.3487179487179488;width:419px;height:auto\" srcset=\"https:\/\/www.farmaciasanisidro.es\/farmacia\/wp-content\/uploads\/cialis-super-active-1.png 526w, https:\/\/www.farmaciasanisidro.es\/farmacia\/wp-content\/uploads\/cialis-super-active-1-300x222.png 300w, https:\/\/www.farmaciasanisidro.es\/farmacia\/wp-content\/uploads\/cialis-super-active-1-200x148.png 200w\" sizes=\"(max-width: 526px) 100vw, 526px\" \/><\/figure>\n<\/div>\n<\/div>\n<\/div><\/div>\n\n\n\n<p><strong>Cialis Super Active <\/strong>es uno de los medicamentos para combatir la disfunci\u00f3n er\u00e9ctil. Puede comprar esta variante online sin receta en la p\u00e1gina web de nuestra farmacia.&nbsp;<\/p>\n\n\n\n<p>El producto contiene <strong>Tadalafil <\/strong>&#8211; un potente inhibidor que inhibe la s\u00edntesis de ciertas enzimas. Su uso estimula el aumento de la duraci\u00f3n de las relaciones sexuales, mejora la erecci\u00f3n y acorta el tiempo de recuperaci\u00f3n del organismo.\u00a0Muchos usuarios comparan opciones y preguntan <a href=\"https:\/\/www.farmaciasanisidro.es\/farmacia\/generico-cialis-comprar\/\" data-type=\"link\" data-id=\"https:\/\/www.farmaciasanisidro.es\/farmacia\/generico-cialis-comprar\/\">cual es el mejor gen\u00e9rico de Cialis<\/a>. para responder con seguridad, conviene fijarse en el principio activo (tadalafilo), la dosis real y la procedencia del producto.<\/p>\n\n\n\n<div class=\"tab\" data-sort = \"asc\"><button class=\"tablinks tablinks_default active\" data-target = \"tab-20\">20mg<\/button><\/div><div id =\"tab-20\" class = \"tabcontent active\" >\n            <div class=\"table-container\">\n                <div id=\"shop-prod-table\">\n                <table class=\"table\">\n                <caption><h2> Cialis Super Active  20mg<\/h2><\/caption>\n                <thead>\n                       <tr class=\"table-header_default\">\n                                <th scope =\"col\">Paquete<\/th>\n                                <th scope =\"col\"> Precio<\/th>\n                                <th scope =\"col\">Por Pastilla<\/th>\n                                <th scope =\"col\">Ahorros<\/th>\n                                <th scope =\"col\">Bonificaci\u00f3n<\/th>\n                                <th scope =\"col\"><\/th>\n                        <\/tr>\n                <\/thead><tbody><tr>\n             <td data-title=\"Paquete\">20mg x 10 pastillas<\/td>\n             <td data-title=\"Precio\"> <div itemprop=\"offers\" itemscope=\"itemscope\" itemtype=\"https:\/\/schema.org\/Offer\">\n            \n            <meta itemprop=\"url\" content =\"https:\/\/www.farmaciasanisidro.es\/farmacia\/comprar-super-active-cialis\/\">\n            <link itemprop =\"availability\" href=\"https:\/\/schema.org\/InStock\">\n            <span itemprop=\"priceCurrency\" content=\"EUR\">\u20ac<\/span> <span itemprop=\"price\" content=\"52.99\">52.99<\/span><\/div><\/td>\n             <td data-title=\"Por Pastilla\">\u20ac 5.3<\/td>\n             <td class=\"field-economy_default\" data-title=\"Ahorros\">\u20ac 0<\/td>\n             <td data-title=\"Bonificaci\u00f3n\">-<\/td>\n             <td data-title=\"\">\n                <a href=\"?add-to-cart=2698\" class =\"buy-btn_default buy-btn ajax_add_to_cart add_to_cart_button\" rel=\"nofollow\" data-product_id = \"2698\">Comprar<\/a>\n             <\/td>\n            <\/tr><tr>\n             <td data-title=\"Paquete\">20mg x 20 pastillas<\/td>\n             <td data-title=\"Precio\"> <div itemprop=\"offers\" itemscope=\"itemscope\" itemtype=\"https:\/\/schema.org\/Offer\">\n            <span class=\"crossed_out_price\">\u20ac 105.95 \/<\/span>\n            <meta itemprop=\"url\" content =\"https:\/\/www.farmaciasanisidro.es\/farmacia\/comprar-super-active-cialis\/\">\n            <link itemprop =\"availability\" href=\"https:\/\/schema.org\/InStock\">\n            <span itemprop=\"priceCurrency\" content=\"EUR\">\u20ac<\/span> <span itemprop=\"price\" content=\"87.95\">87.95<\/span><\/div><\/td>\n             <td data-title=\"Por Pastilla\">\u20ac 4.4<\/td>\n             <td class=\"field-economy_default\" data-title=\"Ahorros\">\u20ac 18<\/td>\n             <td data-title=\"Bonificaci\u00f3n\">+ 4 pastillas<\/td>\n             <td data-title=\"\">\n                <a href=\"?add-to-cart=2701\" class =\"buy-btn_default buy-btn ajax_add_to_cart add_to_cart_button\" rel=\"nofollow\" data-product_id = \"2701\">Comprar<\/a>\n             <\/td>\n            <\/tr><tr>\n             <td data-title=\"Paquete\">20mg x 30 pastillas<\/td>\n             <td data-title=\"Precio\"> <div itemprop=\"offers\" itemscope=\"itemscope\" itemtype=\"https:\/\/schema.org\/Offer\">\n            <span class=\"crossed_out_price\">\u20ac 158.89 \/<\/span>\n            <meta itemprop=\"url\" content =\"https:\/\/www.farmaciasanisidro.es\/farmacia\/comprar-super-active-cialis\/\">\n            <link itemprop =\"availability\" href=\"https:\/\/schema.org\/InStock\">\n            <span itemprop=\"priceCurrency\" content=\"EUR\">\u20ac<\/span> <span itemprop=\"price\" content=\"121.99\">121.99<\/span><\/div><\/td>\n             <td data-title=\"Por Pastilla\">\u20ac 4.07<\/td>\n             <td class=\"field-economy_default\" data-title=\"Ahorros\">\u20ac 36.9<\/td>\n             <td data-title=\"Bonificaci\u00f3n\">+ 6 pastillas<\/td>\n             <td data-title=\"\">\n                <a href=\"?add-to-cart=2703\" class =\"buy-btn_default buy-btn ajax_add_to_cart add_to_cart_button\" rel=\"nofollow\" data-product_id = \"2703\">Comprar<\/a>\n             <\/td>\n            <\/tr><tr>\n             <td data-title=\"Paquete\">20mg x 60 pastillas<\/td>\n             <td data-title=\"Precio\"> <div itemprop=\"offers\" itemscope=\"itemscope\" itemtype=\"https:\/\/schema.org\/Offer\">\n            <span class=\"crossed_out_price\">\u20ac 317.75 \/<\/span>\n            <meta itemprop=\"url\" content =\"https:\/\/www.farmaciasanisidro.es\/farmacia\/comprar-super-active-cialis\/\">\n            <link itemprop =\"availability\" href=\"https:\/\/schema.org\/InStock\">\n            <span itemprop=\"priceCurrency\" content=\"EUR\">\u20ac<\/span> <span itemprop=\"price\" content=\"219.35\">219.35<\/span><\/div><\/td>\n             <td data-title=\"Por Pastilla\">\u20ac 3.66<\/td>\n             <td class=\"field-economy_default\" data-title=\"Ahorros\">\u20ac 98.4<\/td>\n             <td data-title=\"Bonificaci\u00f3n\">+ 8 pastillas<\/td>\n             <td data-title=\"\">\n                <a href=\"?add-to-cart=2704\" class =\"buy-btn_default buy-btn ajax_add_to_cart add_to_cart_button\" rel=\"nofollow\" data-product_id = \"2704\">Comprar<\/a>\n             <\/td>\n            <\/tr><tr>\n             <td data-title=\"Paquete\">20mg x 90 pastillas<\/td>\n             <td data-title=\"Precio\"> <div itemprop=\"offers\" itemscope=\"itemscope\" itemtype=\"https:\/\/schema.org\/Offer\">\n            <span class=\"crossed_out_price\">\u20ac 477.38 \/<\/span>\n            <meta itemprop=\"url\" content =\"https:\/\/www.farmaciasanisidro.es\/farmacia\/comprar-super-active-cialis\/\">\n            <link itemprop =\"availability\" href=\"https:\/\/schema.org\/InStock\">\n            <span itemprop=\"priceCurrency\" content=\"EUR\">\u20ac<\/span> <span itemprop=\"price\" content=\"299.18\">299.18<\/span><\/div><\/td>\n             <td data-title=\"Por Pastilla\">\u20ac 3.32<\/td>\n             <td class=\"field-economy_default\" data-title=\"Ahorros\">\u20ac 178.2<\/td>\n             <td data-title=\"Bonificaci\u00f3n\">+ 10 pastillas<\/td>\n             <td data-title=\"\">\n                <a href=\"?add-to-cart=2705\" class =\"buy-btn_default buy-btn ajax_add_to_cart add_to_cart_button\" rel=\"nofollow\" data-product_id = \"2705\">Comprar<\/a>\n             <\/td>\n            <\/tr><tr>\n             <td data-title=\"Paquete\">20mg x 120 pastillas<\/td>\n             <td data-title=\"Precio\"> <div itemprop=\"offers\" itemscope=\"itemscope\" itemtype=\"https:\/\/schema.org\/Offer\">\n            <span class=\"crossed_out_price\">\u20ac 636.35 \/<\/span>\n            <meta itemprop=\"url\" content =\"https:\/\/www.farmaciasanisidro.es\/farmacia\/comprar-super-active-cialis\/\">\n            <link itemprop =\"availability\" href=\"https:\/\/schema.org\/InStock\">\n            <span itemprop=\"priceCurrency\" content=\"EUR\">\u20ac<\/span> <span itemprop=\"price\" content=\"363.95\">363.95<\/span><\/div><\/td>\n             <td data-title=\"Por Pastilla\">\u20ac 3.03<\/td>\n             <td class=\"field-economy_default\" data-title=\"Ahorros\">\u20ac 272.4<\/td>\n             <td data-title=\"Bonificaci\u00f3n\">+ 16 pastillas<\/td>\n             <td data-title=\"\">\n                <a href=\"?add-to-cart=2699\" class =\"buy-btn_default buy-btn ajax_add_to_cart add_to_cart_button\" rel=\"nofollow\" data-product_id = \"2699\">Comprar<\/a>\n             <\/td>\n            <\/tr><tr>\n             <td data-title=\"Paquete\">20mg x 180 pastillas<\/td>\n             <td data-title=\"Precio\"> <div itemprop=\"offers\" itemscope=\"itemscope\" itemtype=\"https:\/\/schema.org\/Offer\">\n            <span class=\"crossed_out_price\">\u20ac 953.95 \/<\/span>\n            <meta itemprop=\"url\" content =\"https:\/\/www.farmaciasanisidro.es\/farmacia\/comprar-super-active-cialis\/\">\n            <link itemprop =\"availability\" href=\"https:\/\/schema.org\/InStock\">\n            <span itemprop=\"priceCurrency\" content=\"EUR\">\u20ac<\/span> <span itemprop=\"price\" content=\"496.75\">496.75<\/span><\/div><\/td>\n             <td data-title=\"Por Pastilla\">\u20ac 2.76<\/td>\n             <td class=\"field-economy_default\" data-title=\"Ahorros\">\u20ac 457.2<\/td>\n             <td data-title=\"Bonificaci\u00f3n\">+ 20 pastillas<\/td>\n             <td data-title=\"\">\n                <a href=\"?add-to-cart=2700\" class =\"buy-btn_default buy-btn ajax_add_to_cart add_to_cart_button\" rel=\"nofollow\" data-product_id = \"2700\">Comprar<\/a>\n             <\/td>\n            <\/tr><tr>\n             <td data-title=\"Paquete\">20mg x 270 pastillas<\/td>\n             <td data-title=\"Precio\"> <div itemprop=\"offers\" itemscope=\"itemscope\" itemtype=\"https:\/\/schema.org\/Offer\">\n            <span class=\"crossed_out_price\">\u20ac 1431.89 \/<\/span>\n            <meta itemprop=\"url\" content =\"https:\/\/www.farmaciasanisidro.es\/farmacia\/comprar-super-active-cialis\/\">\n            <link itemprop =\"availability\" href=\"https:\/\/schema.org\/InStock\">\n            <span itemprop=\"priceCurrency\" content=\"EUR\">\u20ac<\/span> <span itemprop=\"price\" content=\"629.99\">629.99<\/span><\/div><\/td>\n             <td data-title=\"Por Pastilla\">\u20ac 2.33<\/td>\n             <td class=\"field-economy_default\" data-title=\"Ahorros\">\u20ac 801.9<\/td>\n             <td data-title=\"Bonificaci\u00f3n\">+ 30 pastillas<\/td>\n             <td data-title=\"\">\n                <a href=\"?add-to-cart=2702\" class =\"buy-btn_default buy-btn ajax_add_to_cart add_to_cart_button\" rel=\"nofollow\" data-product_id = \"2702\">Comprar<\/a>\n             <\/td>\n            <\/tr><\/tbody> <\/table>\n            <\/div>\n        <\/div>\n    <\/div>\n\n\n<table>\n<tbody>\n<tr>\n<td>Se Utiliza Para:<\/td>\n<td>Mejorar La Erecci\u00f3n<\/td>\n<\/tr>\n<tr>\n<td>Componente Activo:<\/td>\n<td>Tadalafil<\/td>\n<\/tr>\n<tr>\n<td>Dosis:<\/td>\n<td>20 Mg<\/td>\n<\/tr>\n<tr>\n<td>Formulario De Producci\u00f3n:<\/td>\n<td>C\u00e1psula De Gelatina<\/td>\n<\/tr>\n<tr>\n<td>La Acci\u00f3n Ocurre:<\/td>\n<td>Dentro De 15-20 Minutos<\/td>\n<\/tr>\n<tr>\n<td>Efecto Dif\u00edcil:<\/td>\n<td>Hasta 36 Horas<\/td>\n<\/tr>\n<tr>\n<td>Venta De Cialis:<\/td>\n<td>Sin Receta<\/td>\n<\/tr>\n<\/tbody>\n<\/table>\n\n\n<div class=\"wp-block-media-text is-stacked-on-mobile\" style=\"grid-template-columns:15% auto\"><figure class=\"wp-block-media-text__media\"><img decoding=\"async\" loading=\"lazy\" width=\"640\" height=\"640\" src=\"https:\/\/www.farmaciasanisidro.es\/farmacia\/wp-content\/uploads\/farmaciasanisidro.es-autor-Carlos-Barros-Lima.webp\" alt=\"farmaciasanisidro.es autor Dr. Carlos Barros Lima\" class=\"wp-image-4433 size-full\" srcset=\"https:\/\/www.farmaciasanisidro.es\/farmacia\/wp-content\/uploads\/farmaciasanisidro.es-autor-Carlos-Barros-Lima.webp 640w, https:\/\/www.farmaciasanisidro.es\/farmacia\/wp-content\/uploads\/farmaciasanisidro.es-autor-Carlos-Barros-Lima-300x300.webp 300w, https:\/\/www.farmaciasanisidro.es\/farmacia\/wp-content\/uploads\/farmaciasanisidro.es-autor-Carlos-Barros-Lima-150x150.webp 150w, https:\/\/www.farmaciasanisidro.es\/farmacia\/wp-content\/uploads\/farmaciasanisidro.es-autor-Carlos-Barros-Lima-200x200.webp 200w, https:\/\/www.farmaciasanisidro.es\/farmacia\/wp-content\/uploads\/farmaciasanisidro.es-autor-Carlos-Barros-Lima-100x100.webp 100w\" sizes=\"(max-width: 640px) 100vw, 640px\" \/><\/figure><div class=\"wp-block-media-text__content\">\n<p><a href=\"https:\/\/www.farmaciasanisidro.es\/farmacia\/autor\/\" data-type=\"link\" data-id=\"https:\/\/www.farmaciasanisidro.es\/farmacia\/autor\/\" target=\"_blank\" rel=\"noreferrer noopener\">Carlos Barros Lima<\/a> vive en Memphis, Tennessee, EE. UU. Trabaja como ur\u00f3logo en el Centro de Urolog\u00eda del Sur, ubicado en los suburbios de Memphis C\u00f3rdoba.<\/p>\n<\/div><\/div>\n\n\n\n<div class=\"wp-block-rank-math-toc-block\" id=\"rank-math-toc\"><h2>Table of Contents<\/h2><nav><ul><li><a href=\"#proposito-de-cialis-super-active\">Prop\u00f3sito Cialis Super Active en impotencia masculina<\/a><\/li><li><a href=\"#como-funciona-cialis-super-active\">C\u00f3mo funciona Cialis Super Active 20mg con est\u00edmulo natural<\/a><\/li><li><a href=\"#tomar-cialis-super-active\">Toma Cialis Super Active 20 mg cu\u00e1ndo conviene<\/a><\/li><li><a href=\"#dosificacion-de-cialis-super-active\">Dosificaci\u00f3n Cialis Super Active 20mg l\u00edmite diario<\/a><\/li><\/ul><\/nav><\/div>\n\n\n\n<h2 class=\"wp-block-heading\" id=\"proposito-de-cialis-super-active\">Prop\u00f3sito Cialis Super Active en impotencia masculina<\/h2>\n\n\n\n<p>Cialis Super Active se utiliza para tratar la impotencia. Esta enfermedad se produce como consecuencia de un estr\u00e9s nervioso, un mal funcionamiento hormonal o problemas card\u00edacos. Por desgracia, el restablecimiento de un estilo de vida normal no siempre ayuda a normalizar la funci\u00f3n sexual, por lo que hay que recurrir al tratamiento farmacol\u00f3gico.<\/p>\n\n\n\n<p>La peculiaridad de esta forma de liberaci\u00f3n es la rapidez con la que se consigue el efecto. El paciente siente el resultado tan pronto como 15 minutos despu\u00e9s de tomar la p\u00edldora, y la duraci\u00f3n de la acci\u00f3n alcanza las 48 horas. Tadalafil es muy popular entre los hombres activos que no quieren planificar el sexo y prefieren tener varios actos durante el d\u00eda.&nbsp;<\/p>\n\n\n\n<h2 class=\"wp-block-heading\" id=\"como-funciona-cialis-super-active\">C\u00f3mo funciona Cialis Super Active 20mg con est\u00edmulo natural<\/h2>\n\n\n\n<p>El tadalafilo afecta a los m\u00fasculos lisos que rodean el pene. Alivia los espasmos y favorece el flujo sangu\u00edneo a los \u00f3rganos p\u00e9lvicos. Como resultado, el hombre siente una potente erecci\u00f3n provocada por la estimulaci\u00f3n natural del pene.&nbsp;<\/p>\n\n\n\n<p>Una ventaja importante del uso del f\u00e1rmaco es que el paciente no puede excitarse \u00abinesperadamente\u00bb. El efecto deseado s\u00f3lo se consigue mediante la acci\u00f3n f\u00edsica sobre el \u00f3rgano.&nbsp;<\/p>\n\n\n\n<h3 class=\"wp-block-heading\" id=\"diferencias-entre-cialis-super-active-y-viagra\">Comparaci\u00f3n Cialis Super Active con Viagra y Levitra duraci\u00f3n<\/h3>\n\n\n\n<p>Viagra, que contiene Sildenafil, y Levitra (Vardenafil) son los an\u00e1logos m\u00e1s conocidos de Cialis. El primer f\u00e1rmaco es muy popular entre los pacientes que sufren de impotencia masculina debido a su probada eficacia y disponibilidad.&nbsp;<\/p>\n\n\n\n<p>El sildenafilo no puede tomarse junto con el alcohol y sus efectos terminan 4-5 horas despu\u00e9s de tomar el comprimido. Sin embargo, nunca se debe tomar m\u00e1s de una dosis de la sustancia al d\u00eda, ya que esto puede provocar efectos secundarios.&nbsp;<\/p>\n\n\n\n<p>Todos los estimulantes tienen propiedades similares. La prescripci\u00f3n depende de las caracter\u00edsticas individuales del cuerpo del sujeto, la presencia de contraindicaciones y otros factores. La decisi\u00f3n final s\u00f3lo puede tomarla el m\u00e9dico que le atiende.&nbsp;<\/p>\n\n\n\n<h2 class=\"wp-block-heading\" id=\"tomar-cialis-super-active\">Toma Cialis Super Active 20 mg cu\u00e1ndo conviene<\/h2>\n\n\n\n<p>La duraci\u00f3n del curso depende de la magnitud del problema. As\u00ed, el tadalafilo puede utilizarse una vez o durante un periodo de tiempo para conseguir un efecto terap\u00e9utico.&nbsp;<\/p>\n\n\n\n<p>La dosis m\u00e1xima diaria de la sustancia es de 20 mg (1 comprimido). Una excepci\u00f3n pueden ser las personas que sufren formas de impotencia desatendidas y los hombres de gran tama\u00f1o con un gran peso corporal. El f\u00e1rmaco se toma por v\u00eda oral unos 30-60 minutos antes de la relaci\u00f3n sexual prevista.&nbsp;<\/p>\n\n\n\n<h3 class=\"wp-block-heading\" id=\"que-mas-debe-saber-antes-de-tomarla\">Antes de usar Calis Super Active precauciones clave<\/h3>\n\n\n\n<p>Controle cuidadosamente los intervalos entre las dosis de Sildenafil y lleve un control de la cantidad de la sustancia. Leer previamente las instrucciones del medicamento le ayudar\u00e1 a evitar muchos efectos negativos causados por la sobredosis.&nbsp;<\/p>\n\n\n\n<p>Por lo general, los pacientes sienten un aumento en la dureza de la erecci\u00f3n y su duraci\u00f3n ya en la primera hora despu\u00e9s de tomarla. Su uso est\u00e1 estrictamente contraindicado para las mujeres y los menores de 18 a\u00f1os.&nbsp;<\/p>\n\n\n\n<h2 class=\"wp-block-heading\" id=\"dosificacion-de-cialis-super-active\">Dosificaci\u00f3n Cialis Super Active 20mg l\u00edmite diario<\/h2>\n\n\n\n<p>Puede tomar hasta 20 mg del principio activo al d\u00eda. Esta es la cantidad exacta de Tadalafil que contiene un comprimido de Cialis Super Active.&nbsp;<\/p>\n\n\n\n<p>En la mayor\u00eda de los casos, tomar una dosis mayor no puede ayudar a conseguir resultados m\u00e1s r\u00e1pidos. Sin embargo, el rendimiento puede variar en funci\u00f3n de las caracter\u00edsticas del organismo de la persona que decide comprar medicamentos para mantener la erecci\u00f3n.&nbsp;<\/p>\n\n\n\n<h3 class=\"wp-block-heading\" id=\"interaccion\">Interacci\u00f3n Cialis Super Active con nitratos, alcohol y comidas<\/h3>\n\n\n\n<p>El producto puede combinarse con otros medicamentos previa autorizaci\u00f3n de un especialista. No combine el tadalafilo con medicamentos que contengan nitratos. Esto puede tener un efecto negativo en su salud.&nbsp;<\/p>\n\n\n\n<p>El alcohol y los alimentos grasos no afectan a la velocidad de absorci\u00f3n de la sustancia en el torrente sangu\u00edneo. Si piensa descansar con alcohol, no se limite: la dosis de bebidas calientes depende de sus sentimientos personales.&nbsp;<\/p>\n\n\n\n<h3 class=\"wp-block-heading\" id=\"contraindicaciones\">Contraindicaciones Super Cialis<\/h3>\n\n\n\n<p>El uso de estimulantes es un proceso bastante complicado. Cuando se planifica la compra de un medicamento de este tipo, es necesario estudiar cuidadosamente la lista de contraindicaciones. Los m\u00e9dicos no recomiendan tomar el medicamento a las personas que<\/p>\n\n\n\n<ul>\n<li>mayores de 60 a\u00f1os;<\/li>\n\n\n\n<li>sufren enfermedades cardiovasculares y excretoras;&nbsp;<\/li>\n\n\n\n<li>tienen una intolerancia individual a determinados ingredientes;<\/li>\n\n\n\n<li>tienen una forma anat\u00f3mica de pene no est\u00e1ndar.&nbsp;<\/li>\n<\/ul>\n\n\n\n<p>En per\u00edodos de exacerbaci\u00f3n de enfermedades cr\u00f3nicas y si se siente mal, es mejor consultar a un m\u00e9dico. Su m\u00e9dico le har\u00e1 las pruebas necesarias y le dar\u00e1 una explicaci\u00f3n detallada del r\u00e9gimen de Cialis.&nbsp;<\/p>\n\n\n\n<h3 class=\"wp-block-heading\" id=\"efectos-secundarios\">Efectos secundarios Super Cialis<\/h3>\n\n\n\n<p>Los efectos secundarios del uso de Tadalafil son bastante raros. Las molestias suelen aparecer en personas que han tomado m\u00e1s de un comprimido al d\u00eda.&nbsp;<\/p>\n\n\n\n<p>En la mayor\u00eda de los casos, los efectos negativos sobre el organismo se manifiestan con dolores de cabeza y sensaci\u00f3n de fatiga. El tratamiento oportuno en funci\u00f3n de los s\u00edntomas ayudar\u00e1 a hacer frente a los efectos secundarios. El producto no tiene ning\u00fan efecto sobre la conducci\u00f3n.<\/p>\n\n\n\n<h3 class=\"wp-block-heading\" id=\"sobredosis\">Sobredosis Super Cialis 20mg<\/h3>\n\n\n\n<p>El uso prolongado de grandes dosis puede provocar estos efectos:<\/p>\n\n\n\n<ul>\n<li>fuertes dolores de cabeza, mareos;<\/li>\n\n\n\n<li>alergias, goteo nasal;<\/li>\n\n\n\n<li>dolor de espalda y lumbago.&nbsp;<\/li>\n<\/ul>\n\n\n\n<p>Sin embargo, la mayor\u00eda de los efectos desagradables son de corta duraci\u00f3n. Es probable que el especialista recomienda limitar la ingesta durante un determinado periodo de tiempo.&nbsp;<\/p>\n\n\n\n<h3 class=\"wp-block-heading\" id=\"almacenamiento\">Almacenamiento Cialis Super Active 20 mg<\/h3>\n\n\n\n<p>El medicamento debe conservarse en el envase original a una temperatura de hasta 30oC. Tenga cuidado de mantener el lugar fuera del alcance de los ni\u00f1os.&nbsp;<\/p>\n\n\n\n<h3 class=\"wp-block-heading\" id=\"responsabilidad\">Responsabilidad<\/h3>\n\n\n\n<p>La administraci\u00f3n del sitio web de la farmacia en Internet garantiza la seguridad y la confidencialidad de la venta de medicamentos. Al mismo tiempo, no nos hacemos responsables de las consecuencias del uso de los medicamentos que se compran a nosotros y recomendamos encarecidamente que se busque asesoramiento profesional. El precio del medicamento depende de la forma de liberaci\u00f3n, y el coste de la entrega se especifica individualmente.&nbsp;<\/p>\n","protected":false},"excerpt":{"rendered":"<p>Disponibilidad: S\u00ed \u2713 Pago: Cialis Super Active es uno de los medicamentos para combatir la disfunci\u00f3n er\u00e9ctil. Puede comprar esta variante online sin receta en la p\u00e1gina web de nuestra farmacia.&nbsp; El producto contiene Tadalafil &#8211; un potente inhibidor que inhibe la s\u00edntesis de ciertas enzimas. Su uso estimula el aumento de la duraci\u00f3n de &#8230; <a title=\"Comprar cialis super active 20 mg Sin Receta en Espa\u00f1a segura\" class=\"read-more\" href=\"https:\/\/www.farmaciasanisidro.es\/farmacia\/comprar-super-active-cialis\/\" aria-label=\"M\u00e1s en Comprar cialis super active 20 mg Sin Receta en Espa\u00f1a segura\">Leer m\u00e1s<\/a><\/p>\n","protected":false},"author":1,"featured_media":2596,"parent":0,"menu_order":0,"comment_status":"closed","ping_status":"closed","template":"","meta":{"footnotes":""},"_links":{"self":[{"href":"https:\/\/www.farmaciasanisidro.es\/farmacia\/wp-json\/wp\/v2\/pages\/1188"}],"collection":[{"href":"https:\/\/www.farmaciasanisidro.es\/farmacia\/wp-json\/wp\/v2\/pages"}],"about":[{"href":"https:\/\/www.farmaciasanisidro.es\/farmacia\/wp-json\/wp\/v2\/types\/page"}],"author":[{"embeddable":true,"href":"https:\/\/www.farmaciasanisidro.es\/farmacia\/wp-json\/wp\/v2\/users\/1"}],"replies":[{"embeddable":true,"href":"https:\/\/www.farmaciasanisidro.es\/farmacia\/wp-json\/wp\/v2\/comments?post=1188"}],"version-history":[{"count":12,"href":"https:\/\/www.farmaciasanisidro.es\/farmacia\/wp-json\/wp\/v2\/pages\/1188\/revisions"}],"predecessor-version":[{"id":4606,"href":"https:\/\/www.farmaciasanisidro.es\/farmacia\/wp-json\/wp\/v2\/pages\/1188\/revisions\/4606"}],"wp:featuredmedia":[{"embeddable":true,"href":"https:\/\/www.farmaciasanisidro.es\/farmacia\/wp-json\/wp\/v2\/media\/2596"}],"wp:attachment":[{"href":"https:\/\/www.farmaciasanisidro.es\/farmacia\/wp-json\/wp\/v2\/media?parent=1188"}],"curies":[{"name":"wp","href":"https:\/\/api.w.org\/{rel}","templated":true}]}}